 (-4)/f)*-125. Suppose -6*x + 123 = -x + 3*w, 0 = 5*x + 5*w - q. List the prime factors of x.
2, 3
Let y = -111 + 107. Let z be -3 - 3/(9/3). List the prime factors of (z/y)/((-2)/(-78)).
3, 13
Let j(m) = m**2 - 13*m - 9. Suppose 4*q - q = -6, 2*w = 3*q + 36. Let n be j(w). Let h = n - -26. List the prime factors of h.
47
Suppose 2*g + 4*i - 358 = -g, -5*i + 248 = 2*g. Suppose -4*y + g = -2*x, 0 = x + 6 - 3. What are the prime factors of y?
3
Suppose -2*c = 5*g - 291, 0 = -4*g + c + 351 - 126. Suppose 6 = 4*s - s. Suppose s*o = -1 + g. What are the prime factors of o?
2, 7
Let m = 21 + -19. Suppose -m*s = -2*v + 36, v - 3 = -s + 23. Suppose 4*g - 151 = 5*y, -2*y + v = g + 2*y. List the prime factors of g.
2, 17
Suppose -42 = 4*h - 6. Let f(v) = -v - 7. Let w be f(h). What are the prime factors of (-6 + 0)*w/(-4)?
3
Let b(z) = -8 + 135*z**3 + 27 - 134*z**3 - z. Let p = -1 + 1. List the prime factors of b(p).
19
Let s(y) = 2*y**3 - 4*y**2 + 2*y + 3. What are the prime factors of s(6)?
3, 101
Let n = -633 - -1675. List the prime factors of n.
2, 521
Suppose a = 3*t - 812, -t + 89 + 175 = 3*a. Suppose 0 = -7*z + 2*z + t. List the prime factors of z.
2, 3
Let x = -401 + 38. What are the prime factors of 66/x - (1 - 2094/22)?
2, 47
Let p be 2/4*-39*2. Let t be p/(-6)*1*4. Suppose -4*g = -5*s + 45, 0 = 4*s - 4*g - t - 6. List the prime factors of s.
13
Let r(n) = -n**2 - 41*n + 26. What are the prime factors of r(-33)?
2, 5, 29
Let i be (-2)/13 - (-8768)/208. Let d = -37 + i. Suppose -5*o - w - 7 = -385, 240 = 3*o + d*w. List the prime factors of o.
3, 5
Let i(y) be the second derivative of -y**5/20 - 5*y**4/12 + 7*y**3/6 + 4*y. Let r be i(-6). Let p = 24 + r. List the prime factors of p.
2, 3
Let z = -3852 - -6004. What are the prime factors of z?
2, 269
Let q be (9 - 3/(-3))*-1. Let r(s) = s**2 + 10*s + 12. What are the prime factors of r(q)?
2, 3
Suppose -14*k + 549 = -7781. List the prime factors of k.
5, 7, 17
Let s be 493/5 - (-9)/(-15). Let i = 216 - s. Let k = 175 - i. List the prime factors of k.
3, 19
Suppose 14*j - 21440 = 42162. What are the prime factors of j?
7, 11, 59
Suppose 147*z = 138*z + 8775. List the prime factors of z.
3, 5, 13
What are the prime factors of 8/(-2) + (-1773)/(-18)*2?
193
Suppose 0 = 2*d + s - 200 - 1744, -5*s = 3*d - 2916. List the prime factors of d.
2, 3
Suppose -15*s + 9937 = -18158. List the prime factors of s.
1873
Let t be 18/8*(-2)/3*-2. Suppose -t*m = 4*m - 812. List the prime factors of m.
2, 29
Suppose 2*f + m - 1889 = 0, 24*f + 940 = 25*f - m. List the prime factors of f.
23, 41
Suppose 2*j - 709 - 569 = 3*q, -4*q = 4*j - 2556. List the prime factors of j.
3, 71
Let c(b) = 138*b - 230. What are the prime factors of c(23)?
2, 23
Let r(q) = -q**3 - 26*q**2 + 33*q + 266. What are the prime factors of r(-31)?
2, 11, 23
Let h(r) = 8 - 7*r - 18 + 4 - r**2. List the prime factors of h(-4).
2, 3
Let g(n) = -n**2 - 16*n - 2. Suppose 16 = -3*c - 32. Let h be g(c). List the prime factors of h/4 - 158/(-4).
3, 13
Suppose y + 102 - 267 = -3*j, 0 = 3*j + 15. Suppose o - 88 = 4*k - 2*k, 2*k = 2*o - y. What are the prime factors of o?
2, 23
Let g(i) = -2*i + 6. Let c be g(5). What are the prime factors of (94/c)/(0 + 7/(-70))?
5, 47
Let v(d) = 18*d**2 - 4*d - 3. Let m be v(-3). Suppose m = 4*u - 105. What are the prime factors of u?
3, 23
Let l = 860 + -147. List the prime factors of l.
23, 31
Suppose 4*r - 10 = 3*i + 2*i, 5*r = 5*i + 10. Suppose r = -2*c + 3*g + 817 - 138, -322 = -c - 2*g. List the prime factors of c.
2, 83
Let y(p) = -p**2 - 6*p - 4. Let t be y(-5). Let u(w) = 146*w**2 + 6*w - 1. What are the prime factors of u(t)?
151
Let w = -30 - -42. Let p be (6/w)/(1/14). List the prime factors of p + 1 + 12 + -13.
7
Let k be -5 - 63/(-13) - 2/(-13). Let h(t) = t**2 + 3*t + 84. What are the prime factors of h(k)?
2, 3, 7
Let f be (1 - 2)*1*-7. Suppose -2*u = 5*x - f, -8 = x - 5*x - u. Suppose x*o = 2*b - 28, -5*o + 65 = 5*b - 5. List the prime factors of b.
2, 7
Let y(a) = -8*a + 9. Let t(q) = q + 5. Let v be t(-18). List the prime factors of y(v).
113
Let c(l) = 3*l**2 + 5*l - 6. Let h be c(-3). Suppose -3*f = g - 115, f - h*f - 241 = -2*g. What are the prime factors of g?
2, 59
Let p = 15 - 19. List the prime factors of (p*(-2)/12)/((-4)/(-534)).
89
Suppose 3*y - 18 = -6. Suppose -4*w = y*n - 0*w - 260, -n = 2*w - 64. List the prime factors of n.
2, 3, 11
Let q(b) = 3*b**3 - 7*b**2 + 11*b - 4. Let a be q(2). What are the prime factors of (0 + (-1377)/(-6))*a/21?
3, 17
Let q(d) = d**3 + 8*d**2 - 10*d - 10. Let o be q(-9). Let g be 1 + (-4)/(-1) + o. Suppose -3*i + g*i = 11. What are the prime factors of i?
11
Let w(j) = 4*j + 42 - 8*j + 2*j. List the prime factors of w(18).
2, 3
Suppose 5*t - 144 = 456. Suppose 3*u - t = 48. List the prime factors of u.
2, 7
Let h(j) = -47 + 2*j**3 - 4*j**3 + 5*j + 23 + 17 + 4*j**2. What are the prime factors of h(-3)?
2, 17
Suppose -2*t - 16 = -7*t - 4*g, -4*g = -3*t + 16. What are the prime factors of (-12)/6*((-362)/t + 0)?
181
Let y = 2342 + 364. List the prime factors of y.
2, 3, 11, 41
Let s(r) = r**3 + 7*r**2 + 4*r - 5. Suppose x = 3*i, -2*i - i = x - 6. Let b be (-6 + x - -2)*6. List the prime factors of s(b).
7
Let y(t) = 7*t**3 + 7*t**2 + 13*t + 7. Let i(v) = -10*v**3 - 10*v**2 - 19*v - 11. Let f(h) = -5*i(h) - 7*y(h). What are the prime factors of f(6)?
2, 3, 47
Suppose 5*a - 735 = 3*q, a = -3*q - 2*q + 175. What are the prime factors of a?
2, 3, 5
Let k(g) = -g**3 + g**2 - g + 1509. Let v be k(0). Suppose -14*x + 213 = -v. List the prime factors of x.
3, 41
Suppose 1342 = 3*a + 4*p, -6*a + 444 = -5*a + 2*p. Suppose 7*o - a + 139 = 0. What are the prime factors of o?
3, 5
Suppose 7*n - 4*n = 4*p - 31, -23 = -2*p + 3*n. Suppose 255 - 667 = -p*g. List the prime factors of g.
103
Suppose -3*v + 232 + 887 = 0. Suppose 3*k = 58 - v. List the prime factors of -2*(k/6 - -3).
29
Let k(d) = 13*d**2 - 29*d - 33. Let r(v) = -7*v**2 + 14*v + 16. Let z(t) = -6*k(t) - 11*r(t). List the prime factors of z(9).
11
Suppose -7499 = 15*s - 32459. List the prime factors of s.
2, 13
Let b be 1/9*5862 + (-2)/(-3). Suppose 2*m - b = -174. What are the prime factors of m?
239
Suppose 2*n + 9 = 3*n. What are the prime factors of (n - 0/4) + 4?
13
Suppose -q - 162 = -834. Suppose -s = -3*t + 7*t - q, -4*t + 5*s = -672. List the prime factors of t.
2, 3, 7
Let v = 42 - 44. Let c(w) = -115*w - 12. What are the prime factors of c(v)?
2, 109
Let d(h) = 12*h**3 + 5*h**2 + 8*h - 20. What are the prime factors of d(5)?
5, 7, 47
Let u(h) = -h**2 - 14*h - 15. Let m(r) = -r**3 - 9*r**2 - r - 11. Let w be m(-9). Let x be 22*1/w + 1. What are the prime factors of u(x)?
5
Suppose -3*f - 2*y - 2*y = -623, f - 5*y - 195 = 0. What are the prime factors of f?
5, 41
Suppose 17*g - 119 = 16*g. Suppose -4*y - w + g = 0, -w - 16 - 20 = -y. What are the prime factors of y?
31
Suppose 4453 = 7*a + 295. List the prime factors of a.
2, 3, 11
Let g(p) = 11 + p**2 - 9*p - p**2 - p**2. Suppose -6*i - 2*v - 26 = -4*i, 0 = 4*v + 16. List the prime factors of g(i).
11
Let n(l) = -37*l + 28. Suppose 2*x = -8, -x + 4 = -3*o - 10. What are the prime factors of n(o)?
2, 5
Suppose -z - 2 = -5. List the prime factors of (z + -34)/((4/6)/(-2)).
3, 31
Let i(f) be the first derivative of 15*f**2 + 9*f - 4. Let k be i(10). List the prime factors of k/9 + (-4)/(-6).
5, 7
Suppose -2422 = -t - 4*t + 3*a, 3*a = t - 494. Let f = t + -1021. List the prime factors of (-2)/(-6) - f/21.
2, 13
Let t(v) = 27*v - 103. List the prime factors of t(22).
491
Let k be (1 - 7/3)/(10/30). What are the prime factors of ((3 - 10) + 389)*(-2)/k?
191
List the prime factors of ((-52)/3 - 1)/((-10)/360).
2, 3, 5, 11
What are the prime factors of (-14)/112 + (58545/(-24))/(-3)?
3, 271
Let z(v) = -18*v + 196. List the prime factors of z(-20).
2, 139
Suppose -4*x = 2*i + 1 + 7, -4 = 4*i + 4*x. Suppose i*y - 5*t - 231 = -2*y, 3*y = t + 176. What are the prime factors of y?
59
Suppose 803 = -2*r + 2339. Suppose -r - 555 = -7*h. List the prime factors of h.
3, 7
Suppose 0 = -7*c + 3*c + 132. Suppose -c = -4*u + 3. Let d(r) = 4*r - 10. What are the prime factors of d(u)?
2, 13
Let l be (-10458)/(-24) + 2*(-2)/(-16). Suppose q - l = -q. List the prime factors 